e remainder when 59 is divided by f.
9
Suppose -z - z + 12 = -4*d, -4*d = -z + 6. Suppose 13 + 107 = z*u. Calculate the remainder when 115 is divided by u.
15
Suppose -4*u + 52 = 2*t, 5*u = -4*t + 7*t - 67. Let c = -10 + t. Calculate the remainder when c is divided by 10.
4
Let i = -3 - 17. Let v = -6 - i. Calculate the remainder when 3/6*2*53 is divided by v.
11
Suppose -2*c = 3*r - 90, -5*c - 172 = 3*r - 424. Calculate the remainder when 1615 is divided by c.
49
What is the remainder when 190 is divided by 1/(-3) - ((-2144)/(-24))/(-4)?
14
Suppose -f + 5*y = 57, -119 = f + f - 5*y. Let n = f + 69. Let z(x) = x**3 - 5*x**2 - 8*x - 13. Calculate the remainder when 56 is divided by z(n).
27
Let z(i) = i**2 + 16*i + 5. What is the remainder when 145 is divided by z(3)?
21
Suppose q = -4*z + 266, -z - 196*q + 68 = -195*q. Calculate the remainder when 218 is divided by z.
20
Suppose -124 = -2*d + l, 0 = d + l - 58 - 13. Calculate the remainder when 1289 is divided by d.
54
Suppose 0 = -59*z + 21*z + 1178. Suppose 2*j - 4 = -u, 2*j = 4*u - 3*j - 16. What is the remainder when (u/8)/((-1)/(-242)) is divided by z?
28
Let i(k) = -5*k**3 - k**2 + 9*k + 9. Let f be i(-5). Suppose 3*h - f - 153 = 0. Suppose -9*c + 334 = -26. Calculate the remainder when h is divided by c.
39
Let p(z) = 2*z - 41 - z + 55. Suppose 0 = 4*j + j + 55. Calculate the remainder when 8 is divided by p(j).
2
Suppose w - 25251 = -3*m, 4*m - 2178*w - 33652 = -2174*w. What is the remainder when m is divided by 20?
16
Suppose -1967*i - 346 = -4*q - 1965*i, 5*i = -3*q + 266. What is the remainder when 5913 is divided by q?
84
Suppose 4*i - 21*n = -18*n + 360, 0 = -7*i + 2*n + 630. Calculate the remainder when 292 is divided by i.
22
Let l(t) = 11*t + 137. Let g be l(-12). Suppose 0 = -g*j + b + 1952, 2*j + 6*b - 785 = 5*b. Calculate the remainder when j is divided by 18.
13
Let t(g) = -121*g - 671. What is the remainder when t(-11) is divided by 61?
50
Let n(q) = 3*q**3 - 22*q**2 - 48*q + 153. Calculate the remainder when n(9) is divided by 10.
6
Let x = 48 - 15. Suppose 0 = t + 4, -s + t + 458 = 126. Calculate the remainder when s is divided by x.
31
Let x = -22 + 12. Let s(w) = 19*w - 3. What is the remainder when s(6) is divided by (4/x)/((-4)/190)?
16
Let c = -25275 - -25392. Calculate the remainder when 215 is divided by c.
98
Let l(x) = x**2 + 18*x - 6. Let p = 2007 + -1956. What is the remainder when p is divided by l(-19)?
12
Let b = -6 + 23. Suppose 46*v = -210 + 2464. What is the remainder when v is divided by b?
15
Let p be 2*(-2)/5*30/(-6). Suppose -7*y - 4*j = -3*y - 308, -2*y + p*j + 184 = 0. Calculate the remainder when 322 is divided by y.
76
Suppose 340 - 6 = 2*x - 3*u, -5*u = -20. What is the remainder when x is divided by (16 - -3 - 0) + -3?
13
Suppose 3*q - 1238 = 652. Suppose -2*z + 187 = d, 5*z = -4*d + q + 130. Calculate the remainder when d is divided by 68.
59
Let y(w) = 4 + 0*w**2 + 3 + w**2 - 3*w. Let z = 4273 - 4267. Calculate the remainder when y(5) is divided by z.
5
Suppose -4*n + 239 = -2*k + 767, -2*n + 272 = k. Let o be k/(-3) - 3*(-5)/45. Let g = 181 + o. Calculate the remainder when g is divided by 31.
30
Suppose -36*r + 156 + 24 = 0. Suppose -4*x + 150 = -5*l, -3*l + 169 = r*x - 0*x. What is the remainder when x is divided by 10?
5
Suppose -232*k + 3*r = -230*k - 7065, -2*k - r = -7053. Calculate the remainder when 3543 is divided by k.
15
Suppose 0 = 5*q - 20000 + 18700. What is the remainder when q is divided by 75?
35
Let b = 714 + -715. Calculate the remainder when (999/(-36))/(b/8) is divided by 32.
30
Let s be -5 - (-3 - (-4)/20*-5). Let j(y) = y**2 + y - 7. Calculate the remainder when j(6) is divided by 8/20 - (s - 440/25).
16
Suppose -3*x - 2*f = -50, 1216*x - 1217*x - 5*f - 18 = 0. What is the remainder when 1576 is divided by x?
14
Let s = 2663 - 1966. What is the remainder when s is divided by 50?
47
Let o(r) = 58*r + 26. Let w be o(3). Suppose -143 = 4*u - 3*a - 387, -2*a = 3*u - w. What is the remainder when u is divided by 18?
10
Suppose -5*y + 17 = 72. Let k(z) = 5*z**2 + 49*z - 9. Calculate the remainder when k(y) is divided by 20.
17
Let k = 980 + -690. What is the remainder when k is divided by 281?
9
Let l be (8 - 9)/((-2)/4). Suppose c + 5*d = 38, 0*c + l*d - 68 = -2*c. Let y(b) = 6*b**2 - 8*b + 3. Calculate the remainder when y(-4) is divided by c.
32
Suppose -18 = f + 5*k - 65, -128 = -3*f - 2*k. Let b be (-2)/7 + 2406/f. Let v = b - 46. Calculate the remainder when v is divided by 3.
2
Suppose -s + 61 - 57 = 0. What is the remainder when 65 is divided by ((-25)/(-10))/(s/16)?
5
Calculate the remainder when (4*9/6)/((-290)/(-179655)) is divided by 36.
9
Suppose 117022 = 683*s - 35970. Calculate the remainder when s is divided by 2/1 + (-1 - -14).
14
Let b(t) = 2*t + 21. Let v be b(-9). Let q(k) = 2*k**3 - 5*k**2 + 7*k - 1. What is the remainder when q(v) is divided by (-1 - 0)/((-8)/48)?
5
Let x = 1 - -32. Suppose -2*r + 264 = -h, 2*r + 8*h = 5*h + 256. What is the remainder when r is divided by x?
32
Let l = -5 - -8. Suppose -2*w + 12 = 2, 0 = -l*d - 4*w + 35. Suppose -3*o + 85 = v, 3*v + o - d*o - 281 = 0. What is the remainder when v is divided by 47?
44
Let s = 6 - 10. Suppose 12*x - 119 = 49. What is the remainder when (16/(-6))/(s/102) is divided by x?
12
Suppose 14*m - 16*m = 3*x - 3786, 0 = -4*m - 3*x + 7560. Calculate the remainder when m is divided by 24.
15
Let f(w) = -3*w**2 + 92*w + 131. Calculate the remainder when 3323 is divided by f(29).
11
Let d = -1 - -1129. What is the remainder when d is divided by 39?
36
Suppose 33*j - 12 = 30*j. Calculate the remainder when 1378/18 - j/(-9) is divided by 5.
2
Suppose 3*f - 26 = -2*m, -f - 3*f = -2*m - 2. Let d = -3496 - -3563. What is the remainder when d is divided by m?
4
Suppose -a = 2*y - 157, 222 = 3*y + 139*a - 142*a. What is the remainder when 288 is divided by y?
57
Let y be 6/15 - 526/(-10)*1. Suppose 0 = g + 3*i + 47, 4*g = 5*g + i + y. Let q = -42 - g. Calculate the remainder when q is divided by 7.
0
Suppose 88*p = 139*p - 7497. Calculate the remainder when 163 is divided by p.
16
Suppose l = -17*l + 5*l. Suppose -k = -6*k + 4*o + 126, 3*o + 12 = l. Calculate the remainder when 42 is divided by k.
20
Let y be 5/10 - (-4 - (-9)/6). Calculate the remainder when 479 is divided by ((-2)/y - 0)/(246/(-4797)).
11
Let d be 12/14 - (-2378)/574. Suppose 4*o = d*g + 542, -420 = -3*o - 6*g + 3*g. What is the remainder when 146 is divided by o?
8
Let s be 0/(4/2*(-3)/(-3)). Suppose -5*f + 35 = -s*f. Suppose 36 = f*n - 55. What is the remainder when 33 is divided by n?
7
Let h be 7 - 5 - (-1 - 0). Suppose -8*k = -h*k - 1590. Suppose k = -x + 7*x. Calculate the remainder when x is divided by 27.
26
Suppose 0 = -254*s + 1697952 + 1814360. Calculate the remainder when s is divided by 13.
9
Let b = -364 + 365. Let k(a) = 94*a**2 - 15*a + 1. What is the remainder when k(b) is divided by 6?
2
Let p be 11 - 12 - (0 + (-2 - -1)). Suppose p = -5*i + 27 + 328. What is the remainder when 276 is divided by i?
63
Suppose 7*j + 233 + 26 = 0. Let y = 39 + j. Calculate the remainder when y + (57 - (3 - 4)) is divided by 16.
12
Let j = -116 - -121. Suppose -z - 10 = j*t - 80, z + 65 = 4*t. Calculate the remainder when 110 is divided by t.
5
Let d(x) = -90*x - 1578. What is the remainder when d(-23) is divided by 13?
11
Suppose -2*d - l = 11 - 32, -2*d = 2*l - 24. What is the remainder when 143 is divided by (10 - 8/4) + d?
7
Let p(c) = 25*c**2 - 150*c - 103. Calculate the remainder when 12023 is divided by p(7).
71
Let t(o) = -o**2 + 1. Let y(l) = -113*l**3 + l**2 - 2*l. Let z(v) = -2*t(v) - y(v). Let k = 64 - 25. Calculate the remainder when z(1) is divided by k.
36
Let n be ((-10)/3)/((-12)/18). Suppose -2*v + 0*v = -n*r - 31, -r - 35 = -4*v. Calculate the remainder when (89 - (-6 - -2))*(-2)/(-6) is divided by v.
7
Let a = -691 + 1066. What is the remainder when 756 is divided by a?
6
Let k(i) = 32*i - 40. Let z(q) = -q. Let t(p) = -2*k(p) - 56*z(p). What is the remainder when 58 is divided by t(8)?
10
Let g = 25 + 2. Let u(w) = 9*w + 20. What is the remainder when u(g) is divided by 38?
35
Let i = -342 + 655. Suppose 0 = -312*l + i*l - 21. Calculate the remainder when 51 is divid